{"id":50,"date":"2020-02-23T17:51:50","date_gmt":"2020-02-23T16:51:50","guid":{"rendered":"http:\/\/supervision-boehne.de\/?page_id=50"},"modified":"2023-09-03T13:28:47","modified_gmt":"2023-09-03T11:28:47","slug":"ueber-mich","status":"publish","type":"page","link":"https:\/\/www.supervision-boehne.de\/","title":{"rendered":"PROFIL"},"content":{"rendered":"\t\t<div data-elementor-type=\"wp-page\" data-elementor-id=\"50\" class=\"elementor elementor-50\">\n\t\t\t\t\t\t\t\t\t<section class=\"elementor-section elementor-top-section elementor-element elementor-element-be967ae elementor-section-boxed elementor-section-height-default elementor-section-height-default\" data-id=\"be967ae\" data-element_type=\"section\">\n\t\t\t\t\t\t<div class=\"elementor-container elementor-column-gap-default\">\n\t\t\t\t\t<div class=\"elementor-column elementor-col-50 elementor-top-column elementor-element elementor-element-cf1c6fd\" data-id=\"cf1c6fd\" data-element_type=\"column\">\n\t\t\t<div class=\"elementor-widget-wrap elementor-element-populated\">\n\t\t\t\t\t\t\t\t<div class=\"elementor-element elementor-element-1d8733d elementor-widget elementor-widget-heading\" data-id=\"1d8733d\" data-element_type=\"widget\" data-widget_type=\"heading.default\">\n\t\t\t\t<div class=\"elementor-widget-container\">\n\t\t\t<h2 class=\"elementor-heading-title elementor-size-large\">Julia B\u00f6hne *geb. 1985 Aachen<\/h2>\t\t<\/div>\n\t\t\t\t<\/div>\n\t\t\t\t<div class=\"elementor-element elementor-element-bf5eb9d elementor-widget elementor-widget-text-editor\" data-id=\"bf5eb9d\" data-element_type=\"widget\" data-widget_type=\"text-editor.default\">\n\t\t\t\t<div class=\"elementor-widget-container\">\n\t\t\t\t\t\t\t<p>Ich bin verheiratet, lebe in M\u00fcnster und Mutter eines Sohnes.<\/p><p>Zu meinen beruflichen Erfahrungen als Heilerziehungspflegerin im Bereich der Eingliederungshilfe, konnte ich mit einem Teilzeitstudiengang in den Niederlanden zur Sozialp\u00e4dagogin eine wertvolle und fachlich hochwertige Basis f\u00fcr meinen beruflichen Werdegang schaffen.<\/p><p>Durch meine langj\u00e4hrige Leitungst\u00e4tigkeit in der Eingliederungshilfe, meine Beratungst\u00e4tigkeit, meine Berufserfahrung in der Familiengerichtshilfe und Trennung- und Scheidungsberatung, wie auch durch meinen Dozentenauftrag bringe ich einen gro\u00dfen beruflichen Erfahrungsschatz mit. Dieser fokussiert sich auf die Beratung von Menschen in unterschiedlichsten Lebenslagen und Situationen, wie auch das F\u00fchren und Leiten von Teams und Gruppen. In Fort- und Weiterbildungen wie z.B.\u00a0<\/p><ul><li><span style=\"font-size: 19px; letter-spacing: 0.2px;\"><b>&#8222;<\/b><span style=\"font-family: 'Barlow Semi Condensed', sans-serif; font-size: 19px; font-variant-caps: normal;\"><i><b>Verbindung schaffen- Konflikte kl\u00e4ren&#8220; <\/b>&#8211;<\/i><\/span>\u00a0Einf\u00fchrung in die gewaltfreie \u00a0 \u00a0 \u00a0 \u00a0Kommunikation (nach Marshall B. Rosenberg Ph.D.) Referentin: Sabine Fiedel<\/span><\/li><\/ul><ul><li><span style=\"font-size: 19px; letter-spacing: 0.2px;\"><i><b>&#8222;Stolpersteine \u00fcberwinden&#8220; <\/b><\/i>&#8211; Vertiefungstage in die gewaltfreie Kommunikation (nach Marshall B. Rosenberg PH.D.)\u00a0<\/span>Referentin: Sabine Fiedel<\/li><\/ul><ul><li><i><b>&#8222;Coaching und F\u00fchrung- die F\u00fchrungskraft als Coach&#8220;<\/b> &#8211;<\/i> Caritasverband f. d. Di\u00f6zese M\u00fcnster; Referentin: Bernhard Tretter<\/li><\/ul><ul><li><i><b>&#8222;Leitung werden ist nicht so schwer&#8230;&#8220;<\/b>&#8211;<\/i> Caritasverband f. d. Di\u00f6zese M\u00fcnster; Referent: Dipl. P\u00e4d. Werner Reckert<\/li><\/ul><ul><li><i><b>&#8222;F\u00fchren Frauen anders? Mit weiblichen St\u00e4rken zu mehr Erfolg und Zufriedenheit im Beruf&#8220; <\/b>&#8211; <\/i>FH Rheine; Referat Weiterbildung; Referentin: Sabine Dankbar<\/li><\/ul><div>konnte ich meine fachlichen Kompetenzen weiter ausbauen.<br \/>Der Fokus meiner Arbeit liegt in der prozesshaften, wertsch\u00e4tzenden, klaren, vertrauensvollen und personenzentrierten Zusammenarbeit mit den Supervisanden.<br \/>Das Zusammenspiel und der Kontextbezug von<br \/><i><b>Person- \u00a0 \u00a0 Rolle- \u00a0 \u00a0 \u00a0 \u00a0Institution<\/b><\/i><br \/>bieten im Supervisionsprozess, Mehrperspektivit\u00e4t die sich in der beruflichen Rolle als sehr tragf\u00e4hig erweist.<\/div>\t\t\t\t\t\t<\/div>\n\t\t\t\t<\/div>\n\t\t\t\t\t<\/div>\n\t\t<\/div>\n\t\t\t\t<div class=\"elementor-column elementor-col-50 elementor-top-column elementor-element elementor-element-ff935f3\" data-id=\"ff935f3\" data-element_type=\"column\">\n\t\t\t<div class=\"elementor-widget-wrap elementor-element-populated\">\n\t\t\t\t\t\t\t\t<div class=\"elementor-element elementor-element-4449c72 elementor-widget elementor-widget-image\" data-id=\"4449c72\" data-element_type=\"widget\" data-widget_type=\"image.default\">\n\t\t\t\t<div class=\"elementor-widget-container\">\n\t\t\t\t\t\t\t\t\t\t\t\t\t\t\t<img fetchpriority=\"high\" decoding=\"async\" width=\"868\" height=\"1024\" src=\"https:\/\/www.supervision-boehne.de\/wp-content\/uploads\/2020\/04\/710A6BB3-C5E6-43C0-AB6B-4388A873DBAE_1_201_a-868x1024.jpeg\" class=\"attachment-large size-large wp-image-279\" alt=\"\" srcset=\"https:\/\/www.supervision-boehne.de\/wp-content\/uploads\/2020\/04\/710A6BB3-C5E6-43C0-AB6B-4388A873DBAE_1_201_a-868x1024.jpeg 868w, https:\/\/www.supervision-boehne.de\/wp-content\/uploads\/2020\/04\/710A6BB3-C5E6-43C0-AB6B-4388A873DBAE_1_201_a-254x300.jpeg 254w, https:\/\/www.supervision-boehne.de\/wp-content\/uploads\/2020\/04\/710A6BB3-C5E6-43C0-AB6B-4388A873DBAE_1_201_a-768x906.jpeg 768w, https:\/\/www.supervision-boehne.de\/wp-content\/uploads\/2020\/04\/710A6BB3-C5E6-43C0-AB6B-4388A873DBAE_1_201_a-1302x1536.jpeg 1302w, https:\/\/www.supervision-boehne.de\/wp-content\/uploads\/2020\/04\/710A6BB3-C5E6-43C0-AB6B-4388A873DBAE_1_201_a-1736x2048.jpeg 1736w\" sizes=\"(max-width: 868px) 100vw, 868px\" \/>\t\t\t\t\t\t\t\t\t\t\t\t\t\t\t<\/div>\n\t\t\t\t<\/div>\n\t\t\t\t\t<\/div>\n\t\t<\/div>\n\t\t\t\t\t\t\t<\/div>\n\t\t<\/section>\n\t\t\t\t\t\t\t<\/div>\n\t\t","protected":false},"excerpt":{"rendered":"<p>Julia B\u00f6hne *geb. 1985 Aachen Ich bin verheiratet, lebe in M\u00fcnster und Mutter eines Sohnes. Zu meinen beruflichen Erfahrungen als Heilerziehungspflegerin im Bereich der Eingliederungshilfe, konnte ich mit einem Teilzeitstudiengang in den Niederlanden zur Sozialp\u00e4dagogin eine wertvolle und fachlich hochwertige Basis f\u00fcr meinen beruflichen Werdegang schaffen. Durch meine langj\u00e4hrige Leitungst\u00e4tigkeit in der Eingliederungshilfe, meine Beratungst\u00e4tigkeit, [&hellip;]<\/p>\n","protected":false},"author":1,"featured_media":0,"parent":0,"menu_order":0,"comment_status":"closed","ping_status":"closed","template":"","meta":{"ocean_post_layout":"","ocean_both_sidebars_style":"","ocean_both_sidebars_content_width":0,"ocean_both_sidebars_sidebars_width":0,"ocean_sidebar":"0","ocean_second_sidebar":"0","ocean_disable_margins":"enable","ocean_add_body_class":"","ocean_shortcode_before_top_bar":"","ocean_shortcode_after_top_bar":"","ocean_shortcode_before_header":"","ocean_shortcode_after_header":"","ocean_has_shortcode":"","ocean_shortcode_after_title":"","ocean_shortcode_before_footer_widgets":"","ocean_shortcode_after_footer_widgets":"","ocean_shortcode_before_footer_bottom":"","ocean_shortcode_after_footer_bottom":"","ocean_display_top_bar":"default","ocean_display_header":"default","ocean_header_style":"","ocean_center_header_left_menu":"0","ocean_custom_header_template":"0","ocean_custom_logo":0,"ocean_custom_retina_logo":0,"ocean_custom_logo_max_width":0,"ocean_custom_logo_tablet_max_width":0,"ocean_custom_logo_mobile_max_width":0,"ocean_custom_logo_max_height":0,"ocean_custom_logo_tablet_max_height":0,"ocean_custom_logo_mobile_max_height":0,"ocean_header_custom_menu":"0","ocean_menu_typo_font_family":"0","ocean_menu_typo_font_subset":"","ocean_menu_typo_font_size":0,"ocean_menu_typo_font_size_tablet":0,"ocean_menu_typo_font_size_mobile":0,"ocean_menu_typo_font_size_unit":"px","ocean_menu_typo_font_weight":"","ocean_menu_typo_font_weight_tablet":"","ocean_menu_typo_font_weight_mobile":"","ocean_menu_typo_transform":"","ocean_menu_typo_transform_tablet":"","ocean_menu_typo_transform_mobile":"","ocean_menu_typo_line_height":0,"ocean_menu_typo_line_height_tablet":0,"ocean_menu_typo_line_height_mobile":0,"ocean_menu_typo_line_height_unit":"","ocean_menu_typo_spacing":0,"ocean_menu_typo_spacing_tablet":0,"ocean_menu_typo_spacing_mobile":0,"ocean_menu_typo_spacing_unit":"","ocean_menu_link_color":"","ocean_menu_link_color_hover":"","ocean_menu_link_color_active":"","ocean_menu_link_background":"","ocean_menu_link_hover_background":"","ocean_menu_link_active_background":"","ocean_menu_social_links_bg":"","ocean_menu_social_hover_links_bg":"","ocean_menu_social_links_color":"","ocean_menu_social_hover_links_color":"","ocean_disable_title":"default","ocean_disable_heading":"default","ocean_post_title":"","ocean_post_subheading":"","ocean_post_title_style":"","ocean_post_title_background_color":"","ocean_post_title_background":0,"ocean_post_title_bg_image_position":"","ocean_post_title_bg_image_attachment":"","ocean_post_title_bg_image_repeat":"","ocean_post_title_bg_image_size":"","ocean_post_title_height":0,"ocean_post_title_bg_overlay":0.5,"ocean_post_title_bg_overlay_color":"","ocean_disable_breadcrumbs":"default","ocean_breadcrumbs_color":"","ocean_breadcrumbs_separator_color":"","ocean_breadcrumbs_links_color":"","ocean_breadcrumbs_links_hover_color":"","ocean_display_footer_widgets":"default","ocean_display_footer_bottom":"default","ocean_custom_footer_template":"0","footnotes":""},"class_list":["post-50","page","type-page","status-publish","hentry","entry"],"_links":{"self":[{"href":"https:\/\/www.supervision-boehne.de\/index.php?rest_route=\/wp\/v2\/pages\/50","targetHints":{"allow":["GET"]}}],"collection":[{"href":"https:\/\/www.supervision-boehne.de\/index.php?rest_route=\/wp\/v2\/pages"}],"about":[{"href":"https:\/\/www.supervision-boehne.de\/index.php?rest_route=\/wp\/v2\/types\/page"}],"author":[{"embeddable":true,"href":"https:\/\/www.supervision-boehne.de\/index.php?rest_route=\/wp\/v2\/users\/1"}],"replies":[{"embeddable":true,"href":"https:\/\/www.supervision-boehne.de\/index.php?rest_route=%2Fwp%2Fv2%2Fcomments&post=50"}],"version-history":[{"count":34,"href":"https:\/\/www.supervision-boehne.de\/index.php?rest_route=\/wp\/v2\/pages\/50\/revisions"}],"predecessor-version":[{"id":337,"href":"https:\/\/www.supervision-boehne.de\/index.php?rest_route=\/wp\/v2\/pages\/50\/revisions\/337"}],"wp:attachment":[{"href":"https:\/\/www.supervision-boehne.de\/index.php?rest_route=%2Fwp%2Fv2%2Fmedia&parent=50"}],"curies":[{"name":"wp","href":"https:\/\/api.w.org\/{rel}","templated":true}]}}